((-80)/(-32))/(1/14). Suppose 26 = 37*w - p*w. Calculate the remainder when j is divided by w.
10
Let v be -1 + (5 - 93) - 7. Calculate the remainder when (v - -22)/((-4)/6) is divided by 13.
7
Let k = 167 + -56. Let w be 2*(-2)/(-16) - (-957)/12. Suppose w = -32*t + 37*t. Calculate the remainder when k is divided by t.
15
Let n(v) = 5*v**2 - 10*v**2 + 1 - 46*v**2. Let j be n(1). What is the remainder when 63 is divided by (j/(-180) - 4/(-18))*26?
11
Suppose -17*n = 4*n + 210. Let c be (1 - -5)/(2 - n/(-8)). What is the remainder when ((-14)/c)/(((-36)/(-80))/(-9)) is divided by 9?
8
Let q(p) = -p**3 - 12*p**2 - 17*p - 9. Let s = 110 + -55. Suppose -i = 4*i + s. What is the remainder when q(i) is divided by 15?
12
Let f be (-2 - -7 - 1) + -2. Suppose 0 = -2*z + 3*w + 37, -5*w = 3*z - 0*w - 27. What is the remainder when (-2 - (f + -271)) + (-40 - -36) is divided by z?
11
Let x be 472 + 2 - ((-2)/(-2) + 3). Suppose -y - x = -480. What is the remainder when 19 is divided by y?
9
Let q(s) = s**3 - 9*s**2 + s - 4. Let o = -44 + 53. Let u be q(o). What is the remainder when 26 is divided by (-42)/(-7) + (u - (1 + 1))?
8
What is the remainder when 2047 is divided by ((-640)/(-32))/(5/8)?
31
Suppose 648*j = 636*j - 1932. Let v = 266 + j. Calculate the remainder when v is divided by 9.
6
Let v(y) = 8*y**2 - y**3 - 16*y**2 + 8 - 7*y - 8. Let s be v(-6). Let n = 35 + s. Calculate the remainder when 33 is divided by n.
3
Suppose -41*w - 2980 = -61*w. Calculate the remainder when w is divided by 19.
16
Let j = -69 + 412. Let o = j - 297. Suppose 12 = 3*s - 36. What is the remainder when o is divided by s?
14
Let u = 24931 - 23255. Calculate the remainder when u is divided by 278.
8
Let y(a) = -a**3 - 4*a**2 + 5. Let s be y(-4). Suppose 4*o = 3 + s. Calculate the remainder when o + (4 - 7) - -40 is divided by 10.
9
Calculate the remainder when 15 is divided by -1 + (-19 + 12)*(-12)/14.
0
Suppose -5*y + 52 = 42. What is the remainder when (-6266)/(-52)*1*y + 2 is divided by 115?
13
Let u(n) = -11*n - 3. Let k be 2*((38/4 - 3) + -3). Calculate the remainder when 1*8/(-28) - (-394)/k is divided by u(-2).
18
Let u = 2 - 2. Suppose u = -7*f + 3*f + 48. Suppose -f = -m - 9. What is the remainder when 7 is divided by m?
1
Let a(k) = k**3 - 26*k**2 + 30*k + 8. What is the remainder when a(25) is divided by 87?
46
Suppose 5*b - 1342 = -3*w, -75 = -5*b - 4*w + 1271. Suppose -4*l = -2*z - b + 56, l = 3*z + 50. What is the remainder when 204 is divided by l?
45
Suppose -243*w + 480*w = 240*w - 100 - 50. Suppose 3*r + 2*a - 434 = 0, -5*a = 6*r - 2*r - 588. What is the remainder when r is divided by w?
42
Suppose 14*x - 2*l - 17 = 13*x, -5*x + 4*l + 85 = 0. What is the remainder when 303 is divided by x?
14
Let k(l) = -10*l**2 - 2*l + 16. Let r be 3 + (-12)/(-2)*6/(-12). Calculate the remainder when 64 is divided by k(r).
0
Let d = 1779 + -1749. What is the remainder when 1331 is divided by d?
11
Let u = 7877 + -7769. What is the remainder when 111 is divided by u?
3
Suppose -d + 7 - 10 = 0, d + 3 = 5*p. What is the remainder when p + 3 + 32 - -6 is divided by 7?
6
Let z = 3183 + -2464. Calculate the remainder when z is divided by 40.
39
Suppose 4*o - 27 = -5*p, 3*p + 0*o - o = 6. Suppose -398 = 6*w - w + p*i, 4*w + 340 = 3*i. Let u = -41 - w. What is the remainder when u is divided by 21?
20
Let c = -1655 - -1793. What is the remainder when c is divided by 33?
6
Let a(d) = -364*d + 2210. Suppose -2*h + 171 = h. Calculate the remainder when h is divided by a(6).
5
Suppose -4*o = -3*p - 426, 8*p = -19*o + 9*p + 1944. Calculate the remainder when 12442 is divided by o.
100
Suppose 3*k - 92 - 124 = 0. Let j = -62 + k. Suppose 11*o - j*o - 15 = 0. Calculate the remainder when 73 is divided by o.
13
Let x be -6 + (-6)/(3 - 4). Let g(l) = l**3 + 3*l**2 + 5*l + 599. What is the remainder when g(x) is divided by 43?
40
Let d(s) = s**2 - 6*s + 10. Let i be d(5). Suppose b + j = -1, 0*j + 4*j = i*b + 14. Let w = 15 - b. What is the remainder when 82 is divided by w?
14
Suppose f = -3*v + 13, 8*f - 3*f + 4*v - 32 = 0. What is the remainder when 72 is divided by (-9)/(126/f) - 284/(-14)?
12
Suppose 4*c + 5*p = 587, -p + 6 = 3. Let i = c - 136. Suppose i*m = 8*m - 20. What is the remainder when m is divided by 6?
2
Let y(n) = 16*n - 85. Let s be y(14). Suppose -11*i = -s - 26. Calculate the remainder when 84 is divided by i.
9
Suppose -5*w = 5*s + 695, -4*s + 378 = -3*w - 74. Let k = -101 - w. What is the remainder when 125 is divided by k?
39
Calculate the remainder when 221 is divided by ((-159)/6)/((-5)/5*(-4)/(-16)).
9
Let n(y) = -2*y**2 - 112*y - 396. What is the remainder when 190 is divided by n(-52)?
10
Suppose 0 = v - u - 926, 642 - 2487 = -2*v - 5*u. What is the remainder when 1871 is divided by v?
21
Suppose 185 - 2149 = -316*o + 880. Let s(y) = -19*y**2 - y. Let i be s(1). Let j = i - -29. Calculate the remainder when o is divided by j.
0
Suppose -5*s + 20 = 5*l, 5*l + 98*s - 18 = 95*s. Let z = 7 + 2. What is the remainder when z is divided by l?
0
Let s = -18584 - -18603. Calculate the remainder when 693 is divided by s.
9
Let m(s) = s**2 - 22*s + 3. Let q be m(22). Suppose 0 = q*p - 6. What is the remainder when 24 is divided by (-66)/(-11) - (-6)/p?
6
Let d(v) = -v**3 + 6*v**2 - 5*v + 10. Let y = 7 - 3. Suppose 158 = 2*x - 4*s, -7*x + 325 = -3*x + s. Calculate the remainder when x is divided by d(y).
15
Let m be (-20)/(-60) - 109501/3. What is the remainder when m/(-425) + 4/34 is divided by 8?
6
Suppose -5*g + 5*b + 4550 = 1460, 0 = 4*g - 3*b - 2476. Calculate the remainder when g is divided by 100.
22
What is the remainder when -4 + (-88)/(-20) - 34573/(-55) is divided by 18?
17
What is the remainder when 1578 is divided by ((-2736)/(-798))/((-12)/(-63))?
12
Suppose s - 2*s = 18. Let y(k) = -5*k - 30. Let c(x) = x**3 + 4*x**2 - 17*x - 14. What is the remainder when y(s) is divided by c(-6)?
12
Suppose 29*t + 23382 = 31*t + 16*t. What is the remainder when t is divided by 65?
64
Let t(s) = -3*s**2 + 151*s - 322. What is the remainder when 4548 is divided by t(48)?
12
Let q = -39 + 65. Let v be 1/6 - (-184)/48. Suppose 0 = j + 4*k - 129, -2*j = v*k + k - 258. What is the remainder when j is divided by q?
25
Let f(l) = l**3 - 43*l**2 + 2*l + 1410. What is the remainder when f(43) is divided by 75?
71
Suppose -818 = -5*u - 678. Suppose 2476 = u*o - 184. What is the remainder when o is divided by 26?
17
Suppose 0 = -3*x - 5*b + 604, 3*b - 2*b - 2 = 0. Let k = -1454 - -1462. What is the remainder when x is divided by k?
6
Suppose 0*x + 4*r = 4*x + 928, 0 = 3*x + r + 704. Let m = 353 + x. Let v = -390 + 414. What is the remainder when m is divided by v?
23
Suppose -62*z = 120*z - 10374. What is the remainder when 657 is divided by z?
30
Suppose 4 + 38 = 2*b - t, -5*t - 115 = -5*b. What is the remainder when 5726 is divided by b?
7
Suppose 142*w + 3780 = 154*w. Calculate the remainder when w is divided by 11.
7
Suppose 3*c = -4*p + 1051, -4*p - 199 = -c + 130. Suppose 63 = 12*h - c. Calculate the remainder when 63 is divided by h.
29
Let p(x) = -x**3 + 14*x**2 - 27*x + 78. What is the remainder when 19023 is divided by p(7)?
231
Calculate the remainder when 449/3 - 4/6 is divided by 58/(6 - 4) - -1.
29
What is the remainder when 837 is divided by (15/6)/(5 + 1660/(-336))?
39
Suppose -78*p + 10*p = -29376. Calculate the remainder when p is divided by 139.
15
Suppose 0 = -5*s - 25, -3*s + s + 28 = 2*u. Calculate the remainder when 781 is divided by u.
2
Let j = 90 - 81. Suppose -16*x - 1351 = -j*x. Let n = -112 - x. What is the remainder when n is divided by 28?
25
Let v = 4249 - 4208. Calculate the remainder when v is divided by 6.
5
Let p(f) = -2*f**3 - 34*f**2 + 2. Let y be p(-17). Suppose 10 = -y*m, -4*t + 7*t = -5*m + 44. Calculate the remainder when 182 is divided by t.
21
Let g = -221 - -220. What is the remainder when 40 is divided by g/((-2)/6*(-7)/(-21))?
4
What is the remainder when (461/(-3))/((-5 + -5 + 9)/3) is divided by 24?
5
Let w = -254 - -280. Suppose 3243 = w*l - 3*l. Let k = 166 + -118. What is the remainder when l is divided by k?
45
Suppose 4*j = 2*k + 86, 4*j - 20*k = -24*k + 116. Calculate the remainder when 429 is divided by j.
21
Suppose -37*k 